 Suppose 2*v - 3*d = p, -4*v + 134 = d - w. List the prime factors of v.
2, 11
Let y = -752 + 1544. What are the prime factors of y?
2, 3, 11
Let p = -1663 - -3715. What are the prime factors of p?
2, 3, 19
Let r(h) = h**3 - 5*h**2 - 26*h + 22. What are the prime factors of r(16)?
2, 7, 173
Let s = -133 + 198. Let a = 16 - s. Let p = 97 + a. What are the prime factors of p?
2, 3
Let h(x) = -12*x - 10. Let q be h(9). What are the prime factors of q/(-3)*3/2?
59
Let x = 2104 + -983. What are the prime factors of x?
19, 59
Let j(k) = 2*k**2 + k - 3. Let r be j(0). What are the prime factors of 1 + 3 - (4302/r)/6?
3
Let r(x) = -17*x. Let s(h) = -6*h**2 - 1 + 2 + 3*h**2 + 0*h**2. Let b be s(-1). What are the prime factors of r(b)?
2, 17
Let l(r) = 62*r + 2. Suppose -2*n + 5*z = -n + 19, 0 = 3*n + 5*z - 23. What are the prime factors of l(n)?
2
Let a be 16 + 1/(-1) - 1. Let y(w) be the second derivative of w**3/2 - 15*w**2/2 + 118*w. What are the prime factors of y(a)?
3
What are the prime factors of 0 - -774 - (-8)/(6/(-3))?
2, 5, 7, 11
Let j(c) = -c**2 + 5*c + 10. Let b be j(6). Let p(s) = 2*s**3 - 5*s**2 - s + 9. What are the prime factors of p(b)?
53
Let k = -75 + 318. What are the prime factors of k?
3
Let y be (-2)/2*(4 + -10). Let q be 6/(-2) - (y - 8). What are the prime factors of 3 + (1 - q) + 16?
3, 7
Let x(z) = z + 5. Let q(i) = -6. Let t(u) = 2*q(u) + 3*x(u). Suppose 2*p = -2*p + 12. List the prime factors of t(p).
2, 3
Let q = -11 + 9. Let n be (-16)/5 - q/10. What are the prime factors of (8/(-2) - n) + 5?
2
Suppose 10*k - 186 - 2354 = 0. List the prime factors of k.
2, 127
Suppose -3*k - 5*a + 700 = -10362, -5*k + a = -18446. List the prime factors of k.
7, 17, 31
Suppose -8*l - 720 = -5*l. What are the prime factors of (-1)/(-5) - (-44)/(-20) - l?
2, 7, 17
Let q(d) = 2*d**2 + 2*d + 5. Let c be 0 + (-5 - -4) + -6. Let s = c - -11. List the prime factors of q(s).
3, 5
Let z(f) = -f**2 - f + 2. Let u be z(0). Suppose -4*h + 210 = u*h. List the prime factors of h.
5, 7
Let d be 2 + -1 + 1 + 0. Let i(s) = -s**d + 8 + s + 4 + 0*s. List the prime factors of i(0).
2, 3
List the prime factors of 5972/16 - ((-27)/4)/9.
2, 11, 17
Suppose -i - 5*r + 28 = 0, -5*i = -0*r + r - 20. Suppose 0*v - 8 = -4*v. Suppose -v*p = -i - 9. List the prime factors of p.
2, 3
Let s(j) = -108*j - 9. What are the prime factors of s(-2)?
3, 23
Let b be ((-5)/3)/((-1)/3). Let z(g) = 2*g**2 - 5*g - 12. List the prime factors of z(b).
13
Let j = 53 - 18. Suppose 8*o - j = 3*o. Let r(h) = 4*h - 7. List the prime factors of r(o).
3, 7
Suppose -m + 6*m + 80 = 3*v, 2*m = -v + 45. Suppose x - v + 20 = 0. List the prime factors of x.
3, 5
Let w = -146 + 383. What are the prime factors of w?
3, 79
Suppose 2*j = 2900 - 812. What are the prime factors of j?
2, 3, 29
List the prime factors of (160 + -45)/((-1)/(-28)).
2, 5, 7, 23
Suppose -4*n + 3*v + 1 = -2*n, 4*n = -v + 37. Let f(z) = -z**2 + z. Let i(h) = -6*h**2 + 10*h + 1. Let w(y) = 5*f(y) - i(y). What are the prime factors of w(n)?
23
Let r(h) = -9*h**3 - 2*h**2 + 12*h - 11. What are the prime factors of r(-5)?
2, 251
Let h = 39 + -36. Suppose 0 = -u + h*r + 8, u + 3*r = 2*r + 28. Suppose q + u - 99 = 0. List the prime factors of q.
2, 19
Let z = -64 + -4. Let v = 123 + z. Suppose -4*a - a - 5*p = -v, 43 = 4*a + 3*p. List the prime factors of a.
2, 5
Let n = -1 + 13. Suppose 2*m - 3*m = -81. Suppose -n + m = 3*c. What are the prime factors of c?
23
Let h = 46 - 42. Suppose 266 - 18 = h*z. What are the prime factors of z?
2, 31
Suppose -4*j + 2*c + 273 - 47 = 0, 2*j = -c + 111. Suppose -j = -0*w - w + 3*a, 0 = 4*w + 2*a - 182. What are the prime factors of w?
47
Let a be 11/(-44) - 1/(-4). Suppose 4*n + u - 263 = a, 9*u - 4*u - 15 = 0. Suppose 3*l + 20 = n. What are the prime factors of l?
3, 5
What are the prime factors of 4/30 + (-12)/(-45)*1342?
2, 179
Let r be 15/(-6)*6/(-5). Suppose -r*f + 6*f - 3*c - 72 = 0, -f + 44 = 4*c. List the prime factors of f.
2, 7
Suppose -7*b + 2533 + 6903 = 0. What are the prime factors of b?
2, 337
Suppose 0 = -4*r + 4*v + 1640, 3*v - v = 5*r - 2047. List the prime factors of r.
409
Let x(y) = y**2 - 7*y - 18. Let g be x(9). Suppose g*z - 3*z - 190 = 5*i, -5*i + z - 190 = 0. Let h = 53 + i. What are the prime factors of h?
3, 5
Let c = -17 + 7. What are the prime factors of 2/(-1)*695/c?
139
Suppose 3*l + 15 = 2*o, 2 - 17 = 5*l. Suppose o*s + g - 32 = 0, -s + 6*g - 3*g = 6. What are the prime factors of s?
3
Suppose -352 = -4*v + 420. List the prime factors of v.
193
Let o(p) = 539*p**2 - 8. What are the prime factors of o(1)?
3, 59
Let s be 1*(5 + -3 - 2). Suppose s = -8*d + 105 + 15. List the prime factors of d.
3, 5
Suppose 0*m = 4*m - 24. Let s = 10 - m. Suppose 36 = 8*d - s*d. List the prime factors of d.
3
Let k be (5 - 4)*(0 + 0). Suppose 0 = 4*v + v, 3*x = v + 57. Suppose k*o - x = -o. What are the prime factors of o?
19
Let b be (9 - 12) + 7*1. Let t = 6 + -2. Suppose -4*i = -u + 48, -b*u + t*i + 159 = -i. What are the prime factors of u?
2, 3
Let n(d) = d**3 + 26*d**2 - 57*d - 8. Let r be n(-28). Suppose 23*o - 204 = r*o. List the prime factors of o.
2, 17
Let y(q) = 6*q**3 + 8*q**2 - 7*q - 6. List the prime factors of y(4).
2, 239
Suppose -r - 18 = -j, -6*r - 95 = -r - 4*j. Let w(y) = -7*y - 39. List the prime factors of w(r).
2, 61
Let m be 38/36*3 + 3/(-18). Suppose -3*b + 241 = -5*h - 18, -375 = -5*b - m*h. What are the prime factors of b?
2, 3, 13
Suppose -4*y + 88 = -3*w, -149 + 62 = 3*w - 3*y. Let d = 3 - w. Let o = d - 28. List the prime factors of o.
3
Suppose 3*i + 1 = g, -g - 2*i = 2*g - 14. Let w(u) = -73*u + 145. Let v be w(2). What are the prime factors of v - -42 - g/(-2)?
43
Suppose 0 = -4*f - 5*u + 1163, u - 82 + 653 = 2*f. Suppose -8 = -5*b + f. What are the prime factors of b?
59
Let b = 264 + -188. Suppose -d - b = -t - 0*d, 0 = 5*d + 5. List the prime factors of t.
3, 5
Let x = -171 - -310. List the prime factors of x.
139
List the prime factors of 2*(-3 + 1955/10).
5, 7, 11
Suppose -6821 - 61831 = -36*s. What are the prime factors of s?
1907
Let v(d) = d**3 - 2*d**2 + 1. Let b = 15 - 13. Suppose 3*p + b = 11. List the prime factors of v(p).
2, 5
Let c(o) = o**2 + 8*o + 6. Let w be c(-7). Let b(a) = -19*a - 3. Let r be b(w). Suppose -5*m - 4*z = -m - r, -2*z = -2*m. What are the prime factors of m?
2
What are the prime factors of 2082/4 - 6/(-4)?
2, 3, 29
Suppose 43*c - 60*c = -11203. What are the prime factors of c?
659
Suppose 161*n - 125*n = 21600. What are the prime factors of n?
2, 3, 5
Suppose 4*t - 5 - 7 = 0. Suppose -d + 7*q - 2*q = -63, t*q = 4*d - 218. What are the prime factors of d?
53
What are the prime factors of (-14)/2*(-14 + 29)*-6?
2, 3, 5, 7
Let k(t) = -9*t**3 - 4*t**2 + 10*t + 18. What are the prime factors of k(-5)?
3, 331
Let v(s) = -3*s - 13. Let j(f) = f + 13. Let o be j(-9). Suppose -2*z - z = -9, -15 = o*c + 3*z. List the prime factors of v(c).
5
List the prime factors of 7120/15 + ((-10)/15)/1.
2, 3, 79
Let f(v) = 22*v - 6. Let u(j) = -22*j + 5. Suppose -14 = 7*n - 5*n. Let s(z) = n*u(z) - 6*f(z). List the prime factors of s(1).
23
Let s(m) = 5*m**2 + 9*m + 2. Let n be 0 + 5/(1 - 2). Let b be s(n). Suppose -o = -2, -3*l + b + 12 = -4*o. List the prime factors of l.
2, 17
Let l(w) = -3*w**2 - w + 3. Let i(n) = -7*n**2 - 2*n + 7. Let u(x) = 2*i(x) - 5*l(x). Let b be u(-2). List the prime factors of b/(-2) - (-357)/14.
5
Suppose 0 = -5*m - 5*v - 2230, 5*m + 4*v = -3230 + 1004. What are the prime factors of m/(-12) + 1/6?
37
Let r(b) = -3*b - 5. Let i be r(-5). Suppose -13*w - 6 = -i*w. List the prime factors of ((-1)/w)/(7/28).
2
Suppose 7 = 3*w - 4*h - 3, 0 = 4*w - 2*h - 10. Suppose -3*t + w + 4 = 0. Suppose d - 21 = t. What are the prime factors of d?
23
Let m = 58 - 40. Suppose 13*j + 160 = m*j. List the prime factors of j.
2
Let w = 14 - 5. Let k(h) be the third derivative of h**6/120 - h**5/6 + 13*h**4/24 + h**3/3 + 10*h**2. List the prime factors of k(w).
2, 19
Suppose -3*p - 4*w = -7*p + 268, 3*p = 2*w + 204. Suppose 4*c - 175 = -5*t, -2*t + 4*t - c = p. List the prime factors of t.
5, 7
Suppose -15*p = 2*p + 170. Let d(w) = -18*w + 25. List the prime factors of d(p).
5, 41
Let m(u) be the first derivative of -2*u**2 - 13*